16 - (-5 + (-1 - -4))?
-9
What is the value of 8 - ((-14 - (10 - 22)) + -8)?
18
Calculate (12 - (18 + 3 - 11)) + 5.
7
Calculate -6 + 18 - (4 - 8 - -31).
-15
Calculate (3 - (5 - 11 - -8) - -1) + -31.
-29
Evaluate 21 + (-15 - 13 - -15).
8
Calculate (-27 + 32 - -38) + -3.
40
5 + (7 + 4 - (29 + 4))
-17
Evaluate (-1 - -3) + (-9 - -14) + (-1 - 5).
1
Calculate (-77 + 46 - -14) + (3 - -30).
16
What is the value of 1 - -32 - (16 - 14 - (6 - 2))?
35
-8 - (-5 - (22 + -6 + 6)) - -4
23
What is the value of -3 - (0 - 4) - (-13 + 17 + 1)?
-4
50 + -4 + 27 + -48
25
What is the value of -8 + 83 + -41 + -31?
3
What is -11 + 9 + -3 + (-1 - 6)?
-12
Evaluate 16 + -12 + (0 - (5 - -30)).
-31
What is (0 - -6) + (0 - 3 - -5) - 0?
8
What is the value of -32 - (-20 + 11) - (-1 + (-4 - -1))?
-19
What is the value of -4 + (-9 + 9 - (0 - -3))?
-7
Evaluate 4 + 16 + (44 - 46) + 6.
24
Evaluate (-8 - (-8 + 0 + -1)) + 12 - 4.
9
What is the value of -9 + (3 - -15) + (3 - 6 - -2)?
8
What is the value of (326 - 334) + (-10 - -1)?
-17
What is 13 + -11 + 2 + (2 - 2) + 1?
5
-57 - (7 - (38 + 11))
-15
Evaluate -8 - (-4 + -2) - -16.
14
(-5 - 0 - 1) + 53 + -59
-12
What is the value of -8 + 2 - (-10 + -9 + -8)?
21
Calculate -29 + (10 - ((-81 - -87) + (5 - 1))).
-29
(3 - 0 - (24 - (23 + 3))) + 0
5
What is the value of (1 - -9 - 11) + (-3 - 10) + -1?
-15
What is -8 - (27 + -34 - (-1 - 2))?
-4
Calculate 9 + (-10 - 5 - -7).
1
Evaluate (-1 - (2 - -3)) + (-557 - -589).
26
What is (41 - (79 - 29)) + (33 - (-1 - 0))?
25
What is -10 - (-45 + (11 - -31))?
-7
(-1 - 13) + (206 - 205)
-13
Evaluate 0 + (0 + -12 - (3 + -8)) - -18.
11
What is the value of 2 - (10 + 1 - 0)?
-9
Evaluate (-20 - 1 - -6) + 13.
-2
Evaluate (1 - 9) + -13 - (-11 - -8).
-18
Evaluate -2 + (6 - -1) + 8 + (-12 - -14).
15
What is the value of 59 + -54 - ((24 - 4) + 4)?
-19
-2 - ((23 - 52) + 16)
11
What is the value of 7 - ((22 - 14) + 25)?
-26
Evaluate -11 + -5 + (18 - -2).
4
What is 1 - -2 - (-200 - -203)?
0
Calculate (18 - (-5 - -15)) + (-17 - -3).
-6
(-9 - 5) + -2 + (-6 - 3)
-25
Evaluate -3 - (-15 + 14 - (-3 - -1)).
-4
Evaluate (-2 - -2) + -3 + (-3 - (14 - 41)).
21
Calculate 5 + 5 + (4 - (-6 + 17)).
3
Calculate -7 - (-10 - -4 - -9) - (26 - 15).
-21
Evaluate (282 + -260 - (-1 - 13)) + -4.
32
What is the value of 1 - ((3 - 7) + -7 + 4 + -3)?
11
Evaluate -7 + (5 - (3 - 0)) + (-18 - -8).
-15
What is the value of 2 + 6 + (-1 - 1) - (18 + -25)?
13
13 + -10 + (-7 - 7) + (2 - 4)
-13
What is the value of 23 - (10 - (11 - 21))?
3
-136 + 98 + 18 + -4
-24
What is -8 - (3 - 15) - (4 + 22 + 0)?
-22
What is (-9 - -8) + -4 + 7 + 1 + -2?
1
Calculate (-11 - 0) + 61 + -43.
7
Calculate (-513 - -508) + 14 + -2 + 1.
8
What is the value of 28 - 6 - (-2 - -21)?
3
What is 3 + (-6 - -5) + -3 + 4 - 4?
-1
What is 15 + -20 + -14 + 23?
4
What is -41 + 23 + -14 + 18?
-14
(-27 - -1) + (343 - 321)
-4
What is -8 + 13 + -1 + 7 - 22?
-11
Evaluate -11 + -3 + (-9 - -42 - 25).
-6
14 + (1 - -7 - (2 - 5)) + -4
21
Calculate 152 + -142 - (17 - 1).
-6
What is 10 + (19 - 10 - 13) + 4?
10
What is (-8 - -2) + 25 - 15?
4
Calculate (-4 - (-1 - -1)) + (14 - (1 + 1)).
8
What is the value of 40 - 70 - (3 + -22)?
-11
What is the value of (17 - 0) + -19 + 1?
-1
-1 + (-10 - -2) + (36 - 33) - -23
17
(-6 + 2 - -26) + 9
31
Evaluate -72 + 40 + 24 - ((-1 - -1) + -23).
15
Evaluate -6 + 1 + 0 + 20 + (-13 - 14).
-12
What is the value of -9 - 24 - (-8 + (-4 - -1))?
-22
What is the value of 1 + (4 - 2) - (-44 + 39)?
8
What is the value of (0 - (-7 - -10) - 16) + 2?
-17
20 + (13 - (19 + -2)) + -2
14
Evaluate 22 - (19 - (15 - -9)).
27
(-7 + (-10 - -1 - -4) - -7) + -12
-17
What is -25 + 21 + -23 - -11?
-16
-26 + (33 - (4 + 7))
-4
-12 + 4 + -1 + (14 - -14)
19
Calculate 3 + (-4 - (3 + 0)) - (17 + -16).
-5
What is (-5 - 9 - -2) + 12?
0
What is -1 + 19 + (-24 - -9)?
3
What is 12 - 3 - 25 - -29?
13
-24 + 3 + (45 - 25) + -6
-7
Calculate 13 - (0 + 12 + -8 + 7).
2
What is the value of -6 - -2 - (-3 + (10 - 2 - 7))?
-2
What is 6 + (-1 - (-3 - -8)) + -6 + 29?
23
Calculate 1 - 19 - (4 - (7 + 3) - -2).
-14
Evaluate 7 + -18 - -6 - -5.
0
Calculate -3 - (2 + (4 - 2) - (0 - -5)).
-2
What is 18 + (31 + -13 - 12 - 10)?
14
Evaluate (7 - (24 + 2)) + 7.
-12
Calculate (-5 - 2) + -1 - (13 + -1 + -1).
-19
What is the value of 0 - (0 + -1 + 6 + -5)?
0
19 - (-23 + 26) - 26
-10
What is -3 + 5 + 0 - 3 - (-54 - -45)?
8
What is -4 + -2 + (8 + 12 + -4 - -2)?
12
Calculate 4 + 9 + 0 + 8 + -12.
9
What is -69 - (-11 + -47) - (-2 + -9)?
0
Calculate 19 - (-5 + -4 - -20) - 27.
-19
Calculate -1 + -1 - (17 + -18 - 14).
13
Calculate -10 - (15 + 11 + -24) - -28.
16
What is the value of 5 + 4 + 20 + -1?
28
What is the value of 1 + 6 + (-4 - (-5 + 4)) + 10?
14
What is -9 + (20 - 2) + -25 + 7 + 8?
-1
Evaluate -27 - -38 - (3 + 1) - -15.
22
-19 + 44 - 20 - -7
12
Evaluate (-8 - 0 - (-222 - -218)) + -13.
-17
What is the value of -19 + 13 - (-3 - 2)?
-1
Calculate -4 - ((-4 - -2) + -16 + (-95 - -106)).
3
What is the value of -5 - (-2 - -8) - -3 - -25?
17
Evaluate 0 - ((-5 - -7) + -1 + 4).
-5
Calculate 1 + -6 + (8 - (16 - (-10 + 25))).
2
-7 + 7 + 2 - (5 + -5)
2
3 + (24 - 40) + 25
12
Evaluate 3 + (-3 - -4) - (-10 - -2).
12
Calculate -15 - (15 - (36 - 8)).
-2
Calculate 34 - 49 - (5 - (2 - (-5 - -6))).
-19
What is 16 - (-13 - (-5 - 25)) - -7?
6
Calculate 29 - 14 - (7 + -2 + 19).
-9
-25 - (-6 + -1 + -2 - -1)
-17
Evaluate (2 - 25) + (925 - 928).
-26
What is 9 - (8 + -7) - (8 + (-2 - 1))?
3
Calculate 7 + -4 - 7 - (9 + -15 + -5).
7
Calculate 7 - (9 + 1 + -19 - -15).
1
Evaluate 2 + -1 - -1 - (-1 + -10 + 15).
-2
-9 + (-4 - 14) + 39
12
What is the value of 1 - 5 - (0 + (11 - 8)) - -7?
0
Evaluate -9 + 2 + -61 + 62 + 3.
-3
-1 + 1 - (-14 - -17) - (-28 + 13)
12
Calculate 10 + (-2 - (-13 - (-4 + 10))).
27
Calculate 0 + -2 + (-14 + 22 + -14 - -18).
10
Evaluate 16 + 1 + -18 + (26 - 22).
3
What is the value of 3 + (-3 - 4) - (-36 + 42)?
-10
Evaluate 17 - ((-16 - -17) + 10 + -1).
7
Calculate 15 + -37 + 44 + 0 + 8.
30
-2 + (19 - 31 - -27)
13
Calculate (-2 - 13) + (-8 - (-12 + (-5 - -2))).
-8
Calculate 27 - 25 - (-1 + (30 - 4 - -3)).
-26
Calculate -7 + -1 - (16 + (4 - 10) + -29).
11
Calculate 27 + -38 - -12 - 12.
-11
Evaluate -38 - -17 - (-25 + 12 - 0).
-8
Calculate 9 - (18 - 4) - (-1 + -3).
-1
Calculate (5 - -1) + -3 + -118 + 108.
-7
20 + (-1 - -2 - (1 - -9)) - -1
12
Calculate -5 - (-7 + (-4 - -13) + 0) - -18.
11
Evaluate -9 + 14 + 12 - -11.
28
What is the value of -365 + 358 + 19 + 1?
13
Evaluate (0 - -4) + 193 + -165.
32
What is -6 + 4 + -26 - (2 + 5 - 11)?
-24
Calculate -3 + (-12 - -3) - -25 - 29.
-16
2 + 8 - (141 + -149 + (1 - -9))
8
What is 4 + (-16 - (12 - 6)) + (5 - 2)?
-15
What is (-18 - 21) + 18 + 10?
-11
Calculate 15 + (14 - (-13 + 27)) + -19.
-4
What is the value of -4 + (-2 - 0) + (-60 - (9 + -57))?
-18
What is -889 - -886 - (-2 + -16 + -3 + 1)?
17
Evaluate (-12 + 4 + 2 - (-13 - 0)) + -3.
4
What is (1 - (-15 + -8 + 17)) + (-1 - -4)?
10
-19 - -7 - -9 - -7
4
Evaluate 31 + -2 + (295 - 312).
12
What is the value of (2 - 19) + 17 - -5?
5
Calculate (-2 - -14) + (1 - 11).
2
Calculate -54 - -42 - (3 - 13) - (-1 + -15).
14
Calculate 12 + 0 - (61 - 36 - 35).
22
Calculate -5 + -4 + 9 + (-1 - (-7 - -5)).
1
What is the value of 22 - (-45 + -1 + 93)?
-25
-15 + (-5 + 15 - 4) + -1 + -6
-16
What is the value of -1 + -8 - (-5 + -4 + (-1 - -9))?
-8
Evaluate (-28 + 42 - -33) + -29.
18
Evaluate 29 - (39 - (-5 + -21)).
-36
What is the value of 4 + (-7 - -3) - -16 - 6?
10
Evaluate 5 + -10 + (2 - -15).
12
Evaluate (49 - 3) + 54 + -60.
40
What is the value of 9 - (-11 - (-41 + 11)) - (9 + 0)?
-19
(-1 - -32) + -523 + 503
11
Calculate 2 - (-7 - -9) - -11.
11
Calculate -31 + -1 - (1551 - 1561).
-22
What is 14 + -4 - 2 - ((2 - 5) + 2)?
9
What is 1 + 26 + (-2 - 2 - (4 + -6))?
25
What is the value of 11 + (-10 - ((9 - 27) + 7))?
12
(3 - (8 - -3)) + (1 - -1)
-6
What is the value of -3 + 17 + -16 + 10?
8
29 + -16 + -2 + 2
13
What is the value of -27 - ((9 - -16) + -86)?
34
What is the value of -2 + (2 - (0 + -1)) - (591 - 597)?
7
What is the value of -9 - ((-29 - -41) + -3)?
-18
16 + -31 + (33 - -2)
20
What is (4 - -11) + (-15 - 6)?
-6
What is 16 + -14 - -15 - 21?
-4
17 - ((63 - 7 - 13) + 6)
-32
What is the value of 16 + -2 + (70 - 93) - 15?
-24
What is the value of -20 + 44 + -23 - (